factors of y.
2
Let r be (-2 - -1)/((-1)/77). Suppose 4*d = -3*u + r + 66, 2*u + d = 102. Suppose u = 5*n - 17. What are the prime factors of n?
2, 7
Let j = 28 - 323. Let z be -1 + (-6 - (-1 + 2)). What are the prime factors of j/(-20) - 2/z?
3, 5
Let i(n) = -n**3 + 9*n**2 - 2*n + 4. Let a be i(6). Suppose -36 - a = -4*g. What are the prime factors of g?
2, 17
Let k = 41 + -12. Let i = -4 + k. Suppose -6*w = -w - i. What are the prime factors of w?
5
Let m = 0 + 0. List the prime factors of 15 + 2 + m + 1.
2, 3
Let j(r) = r**2 + 2*r + 1. Let y be j(-1). Suppose y = 4*u + 3*w - 49, 5*u + 0*w = w + 47. What are the prime factors of u?
2, 5
Suppose -g + 2*g = 403. What are the prime factors of g?
13, 31
Suppose -2*k - 2 = 0, 5*k + 8 = 3*y - 6. Suppose -y*s = -12 - 33. What are the prime factors of s?
3, 5
Let c = 27 - 9. Let a = c + -12. What are the prime factors of a?
2, 3
Suppose -5*w - 20 = 0, y + y = -5*w + 62. List the prime factors of y.
41
Suppose j - 3*t = 4, t - 20 = -5*j - t. Let w = j + 8. What are the prime factors of w?
2, 3
Let u(n) = 3*n - 2. Let a be u(6). Let h be (-19)/(-4) - (-4)/a. Suppose h*s + 4*x - 72 = -19, -2*s + 2*x = -14. List the prime factors of s.
3
Suppose 22 = s + 3*s - 2*y, 2*y - 2 = -4*s. Suppose -3*a - s = 0, -a - 17 = -5*d + a. Suppose -d - 9 = -3*x. What are the prime factors of x?
2
Suppose 0*i - 2*i = -2. Let k = i + 13. List the prime factors of k.
2, 7
Let x(i) = -i**3 - 5*i**2 + 3*i + 9. What are the prime factors of x(-6)?
3
Suppose -222 = -k - 4*s, 444 = -k + 3*k + 4*s. What are the prime factors of k?
2, 3, 37
Let b(l) = 4*l**3 + 10*l**2 - 7*l + 2. Let s(c) = -c**3 - c**2 + c. Let u(g) = b(g) + 5*s(g). Suppose -10 = -2*i - 2. What are the prime factors of u(i)?
2, 5
Let y = -43 + 57. What are the prime factors of y?
2, 7
Let t(j) be the first derivative of -7*j**2/2 - 6*j - 8. List the prime factors of t(-3).
3, 5
Let t(m) = 38*m - 1. List the prime factors of t(2).
3, 5
Suppose -164*q - 378 = -166*q. What are the prime factors of q?
3, 7
Let v(u) = -4*u - 1 - u + 3*u. Let b be v(1). List the prime factors of (-15)/b*(-12)/(-5).
2, 3
Let r be -2 + 9 + (-4)/(-2). Let l be (-8)/3*r/(-6). List the prime factors of 42/l - 3/6.
2, 5
Suppose -22 = -2*a - i, -4*a + 2*a + 22 = -3*i. What are the prime factors of a?
11
Let j = 15 - 30. Let k be 3/(-15) - 18/j. Suppose -2*d = u - 3, 0 = 2*d - 5*u + k - 10. List the prime factors of d.
2
Let o(b) = -2*b + 0*b + b - 5. Let d be o(-9). Suppose 0*f - d*f = -48. What are the prime factors of f?
2, 3
Let w be (-8)/(-28) + (-30)/7. Let u = -1 - w. What are the prime factors of u?
3
Let x be 47/((2 - 1)*-1). Let w = -28 - x. List the prime factors of w.
19
Let f(x) = 2*x**3 + x - 1. What are the prime factors of f(1)?
2
Let y be (-57)/(-15) + 2/10. List the prime factors of (15/(-10))/((-2)/y).
3
Suppose 3*x - 214 = -q + 123, -x - 345 = -q. List the prime factors of q.
7
Suppose 3*p + 2*s = -246, -4*p + 3*s = -116 + 461. Let v be (-330)/11*(0 + 1). List the prime factors of (p/v)/((-4)/(-10)).
7
Suppose m - 2*s = s + 12, -4 = -4*m + s. Let a be 6/3 - (m - 0). Suppose -4*w = -a*w - 20. List the prime factors of w.
2, 5
Let t = 107 - 23. Suppose z + t = 5*z. List the prime factors of z.
3, 7
Let q = 69 - 17. What are the prime factors of q?
2, 13
Let r be 3/(-2)*(-4)/(-2). Let j = r - -6. Suppose 3*p = -5*n + 15, -7*n + 4*p + 12 = -j*n. What are the prime factors of n?
3
Let x(k) = k + 7. Let i be (6 - 2)/(2 - 1). Suppose i*n + 4 = 0, -3*n = -3*g + 5 - 17. What are the prime factors of x(g)?
2
Let f(k) = 8*k - 6. Let t be f(4). What are the prime factors of (t/8)/((-2)/(-8))?
13
Let u(c) = 43*c - 2. Let n(p) = -2*p + 19. Let b be n(9). What are the prime factors of u(b)?
41
Suppose -6*n + 5*n + 10 = 0. Let j(u) be the second derivative of u**4/12 - 5*u**3/3 + 7*u**2/2 + u. What are the prime factors of j(n)?
7
Suppose 5 = -5*t, 0*g = -g - 4*t + 73. What are the prime factors of g?
7, 11
Let v = 243 + -139. List the prime factors of v.
2, 13
Let o(p) = 12*p**2 - 3*p. Let y be o(-4). Suppose -4*v + n = 19, -3*v - 2*n + n = 16. List the prime factors of y/15 - 2/v.
2, 7
Let w(r) = r - 5*r + r + r + 2. Let u = -4 - -1. What are the prime factors of w(u)?
2
Suppose -j + 3*x + 5 = -6, 4*x + 12 = 2*j. Let f = j + 8. List the prime factors of (-6)/(-1)*2/f.
3
Let g = -33 + 48. Suppose 0*c = x + 2*c - 10, -4*c + 44 = 5*x. Let v = g - x. What are the prime factors of v?
7
Let g(d) = -5*d**3 - 3*d - 1. What are the prime factors of g(-2)?
3, 5
Suppose 0*z + 2 = z. Suppose 5*p = -q + 6, z*q - 1 + 3 = -3*p. Suppose 0 = 3*i + 4*f - 18, 0*i - 3*f + 5 = -p*i. What are the prime factors of i?
2
Let b be 0/(-1) + (-4 - 0). Let t(r) = 2*r - 6. Let o be t(7). Let q = o + b. What are the prime factors of q?
2
Suppose 0*p - 3*p + 2*r = -28, 4*p = 3*r + 38. List the prime factors of p.
2
Suppose -4*f + 103 + 1 = 0. Suppose 2*m - 6*m = -16. Suppose 0 = -2*y + 5*a + 2, -2 = -m*y + 4*a + f. List the prime factors of y.
11
Let j = 425 - 133. List the prime factors of j.
2, 73
Suppose -4*t - h + 322 = -4*h, -4*h - 8 = 0. List the prime factors of t.
79
Suppose 41 = 4*k - 3. Let r(y) = y + 4. List the prime factors of r(k).
3, 5
Let t(p) = -p**3 + 5*p**2 + 7*p - 6. Let d(y) = -7*y - 1. Let q be d(-1). Let i be t(q). Suppose i = -3*o + 3 + 6. What are the prime factors of o?
3
Let d = 2 + -2. What are the prime factors of (0 + 1 - d) + 28?
29
Suppose 5*p = 1 + 14. Suppose 0 = -6*w + p*w + 18. Let o(c) = c - 3. List the prime factors of o(w).
3
Let h be 3 + 1 - 6/(-3). Let b be (h/(-4))/(15/(-50)). Suppose -3*g = 4*s - 71, b*g - 67 = s - 4*s. What are the prime factors of s?
2, 7
Suppose -11*w = -910 - 135. What are the prime factors of w?
5, 19
Let s = -126 + 236. List the prime factors of s.
2, 5, 11
Let x be (-4)/18 - (-276)/27. Let y(v) = v**3 - 9*v**2 - 7*v - 7. What are the prime factors of y(x)?
23
Suppose 0 = t - 0*t + 16. Let p = 54 + t. What are the prime factors of p?
2, 19
Let j(v) be the second derivative of -5*v**3/6 - v**2/2 + 4*v. What are the prime factors of j(-4)?
19
Let d(l) = l**2 + 7*l + 2. Let r(c) = 2*c**2 + 14*c + 3. Let y(o) = 5*d(o) - 2*r(o). Let q = -9 + 1. What are the prime factors of y(q)?
2, 3
Let u = -55 - -39. Let n be (u/(-12))/((-2)/(-3)). Let b = 6 - n. What are the prime factors of b?
2
Let x = -15 - -3. Let a = x - -38. List the prime factors of a.
2, 13
Let w(z) = z**2 + 5*z + 9. Let a be w(-4). Suppose -a*b + 227 = d, -5*b - 3*d = 2*d - 235. What are the prime factors of b?
3, 5
Suppose 5*j - 3*u - 385 = 0, 4*u - u - 15 = 0. Suppose -2*v + 3*o + 38 = 0, 0*v + 4*o + j = 4*v. What are the prime factors of v?
2, 11
Suppose 0 = 8*c - 3*c + 15, 5*j - 5*c - 25 = 0. List the prime factors of 1/(j + 15/(-9)).
3
Let v(o) = o**3 - 3*o**2 + 4*o - 2. Let h = -5 - -7. Let g be v(h). Suppose -g*z - 7 - 2 = -5*w, -2*w - 6 = -2*z. What are the prime factors of z?
2
Suppose -y + 22 = y. Let q = 27 - y. What are the prime factors of q?
2
Let d(l) = l**3 - 15*l**2 + 18*l - 20. List the prime factors of d(14).
2, 3
Suppose r - 193 = -3*n, 0*n - r = -2*n + 137. List the prime factors of n.
2, 3, 11
Suppose -2*o + 2 = -0. Let b = o - -17. List the prime factors of b.
2, 3
Suppose 3*w + v = -180, w + 4*v + 21 = -50. Let u be 0 - (1 + (w - -3)). Suppose 3*l + 2*l = u. List the prime factors of l.
11
What are the prime factors of 10/(0 - 5/(-100))?
2, 5
Let w be (1 + 0 - 0) + 16. Let l = w - 10. List the prime factors of l.
7
Let h = 71 - -176. List the prime factors of h.
13, 19
Suppose -4*b = -8*b - 8. List the prime factors of -22*1*1/b.
11
Suppose -3*y + 0*y = -3. Suppose 0*o - 18 = 3*o. What are the prime factors of o/(-3)*y - 0?
2
Let a = 12 + -11. Let c(x) = 44*x**3 + x - 1. What are the prime factors of c(a)?
2, 11
Let z be (1*2)/((-4)/(-62)). Suppose -3*q = -b + 17, -q - z = -2*b - 12. Suppose b = h + 3*h. List the prime factors of h.
2
Suppose 5*t - 155 = -4*s, -5*s - 31 = -t - 3*s. What are the prime factors of t?
31
Suppose -6*k - k = -252. List the prime factors of k.
2, 3
Let l(x) = -4*x. Let u be l(-1). Suppose 0*p - 4*p = 5*b + 8, 3*b = 2*p + u. Suppose 2*c - 3*y = -0*c + 31, b = -2*y - 2. What are the prime factors of c?
2, 7
Let x be ((-8)/10)/((-2)/(-5)). Let a